nds digit of 42859?
4
What is the tens digit of 28445?
4
What is the units digit of 60830?
0
What is the tens digit of 3645?
4
What is the units digit of 3500?
0
What is the tens digit of 2090?
9
What is the tens digit of 650?
5
What is the thousands digit of 1608?
1
What is the thousands digit of 58292?
8
What is the thousands digit of 86875?
6
What is the ten thousands digit of 148549?
4
What is the tens digit of 11412?
1
What is the units digit of 657?
7
What is the units digit of 127875?
5
What is the units digit of 32604?
4
What is the units digit of 757?
7
What is the tens digit of 40097?
9
What is the hundreds digit of 22264?
2
What is the units digit of 17?
7
What is the hundreds digit of 5144?
1
What is the tens digit of 1226?
2
What is the hundreds digit of 210?
2
What is the hundreds digit of 785?
7
What is the tens digit of 7078?
7
What is the units digit of 455?
5
What is the hundreds digit of 437?
4
What is the tens digit of 2416?
1
What is the hundreds digit of 2814?
8
What is the tens digit of 562?
6
What is the tens digit of 373?
7
What is the thousands digit of 59193?
9
What is the hundreds digit of 6962?
9
What is the ten thousands digit of 27275?
2
What is the units digit of 939?
9
What is the units digit of 744?
4
What is the thousands digit of 24484?
4
What is the tens digit of 109294?
9
What is the hundreds digit of 56753?
7
What is the hundreds digit of 2022?
0
What is the tens digit of 3603?
0
What is the units digit of 27572?
2
What is the tens digit of 92?
9
What is the units digit of 9727?
7
What is the tens digit of 267?
6
What is the units digit of 930?
0
What is the thousands digit of 1107?
1
What is the hundreds digit of 6524?
5
What is the thousands digit of 18078?
8
What is the units digit of 53806?
6
What is the units digit of 1891?
1
What is the tens digit of 830?
3
What is the tens digit of 476?
7
What is the tens digit of 21821?
2
What is the hundreds digit of 145499?
4
What is the units digit of 3397?
7
What is the hundreds digit of 16011?
0
What is the thousands digit of 1772?
1
What is the units digit of 1960?
0
What is the units digit of 194?
4
What is the hundreds digit of 37893?
8
What is the hundreds digit of 5634?
6
What is the units digit of 3309?
9
What is the tens digit of 59?
5
What is the tens digit of 3803?
0
What is the thousands digit of 9643?
9
What is the tens digit of 114751?
5
What is the tens digit of 465?
6
What is the tens digit of 742?
4
What is the units digit of 1028?
8
What is the units digit of 7428?
8
What is the tens digit of 10668?
6
What is the units digit of 2043?
3
What is the hundreds digit of 14184?
1
What is the units digit of 6068?
8
What is the hundreds digit of 1271?
2
What is the tens digit of 999?
9
What is the tens digit of 3257?
5
What is the hundreds digit of 1950?
9
What is the hundreds digit of 997?
9
What is the thousands digit of 4963?
4
What is the units digit of 185?
5
What is the hundred thousands digit of 151033?
1
What is the thousands digit of 76007?
6
What is the tens digit of 4453?
5
What is the hundreds digit of 37179?
1
What is the hundreds digit of 286?
2
What is the tens digit of 88851?
5
What is the thousands digit of 13363?
3
What is the units digit of 1545?
5
What is the thousands digit of 29089?
9
What is the tens digit of 6032?
3
What is the thousands digit of 43056?
3
What is the thousands digit of 7686?
7
What is the hundreds digit of 9468?
4
What is the hundreds digit of 4676?
6
What is the thousands digit of 1029?
1
What is the hundreds digit of 1653?
6
What is the units digit of 26?
6
What is the ten thousands digit of 14763?
1
What is the units digit of 132?
2
What is the hundreds digit of 37692?
6
What is the tens digit of 7100?
0
What is the hundreds digit of 3681?
6
What is the units digit of 970?
0
What is the hundreds digit of 1839?
8
What is the tens digit of 7063?
6
What is the tens digit of 63176?
7
What is the hundreds digit of 31720?
7
What is the hundreds digit of 3619?
6
What is the hundreds digit of 8327?
3
What is the tens digit of 4254?
5
What is the units digit of 2198?
8
What is the units digit of 483?
3
What is the tens digit of 1657?
5
What is the thousands digit of 4508?
4
What is the hundreds digit of 389?
3
What is the units digit of 29676?
6
What is the ten thousands digit of 52732?
5
What is the tens digit of 1764?
6
What is the hundreds digit of 68972?
9
What is the tens digit of 2975?
7
What is the hundreds digit of 1171?
1
What is the thousands digit of 3282?
3
What is the units digit of 396?
6
What is the units digit of 6039?
9
What is the hundreds digit of 554?
5
What is the hundreds digit of 3059?
0
What is the thousands digit of 51030?
1
What is the thousands digit of 14420?
4
What is the tens digit of 438?
3
What is the units digit of 5555?
5
What is the thousands digit of 3081?
3
What is the ten thousands digit of 47298?
4
What is the hundreds digit of 3857?
8
What is the thousands digit of 2118?
2
What is the ten thousands digit of 31340?
3
What is the units digit of 5881?
1
What is the thousands digit of 10292?
0
What is the thousands digit of 1726?
1
What is the tens digit of 16117?
1
What is the hundreds digit of 158?
1
What is the tens digit of 24640?
4
What is the units digit of 34141?
1
What is the thousands digit of 12737?
2
What is the hundreds digit of 26460?
4
What is the hundreds digit of 13411?
4
What is the units digit of 1578?
8
What is the tens digit of 21619?
1
What is the hundreds digit of 59492?
4
What is the hundreds digit of 29120?
1
What is the units digit of 1867?
7
What is the ten thousands digit of 68193?
6
What is the thousands digit of 1645?
1
What is the ten thousands digit of 10142?
1
What is the tens digit of 1525?
2
What is the ten thousands digit of 66069?
6
What is the units digit of 1030?
0
What is the hundreds digit of 8751?
7
What is the thousands digit of 108924?
8
What is the tens digit of 13121?
2
What is the hundreds digit of 84872?
8
What is the units digit of 256?
6
What is the units digit of 1777?
7
What is the thousands digit of 9950?
9
What is the units digit of 28877?
7
What is the hundreds digit of 5416?
4
What is the units digit of 41945?
5
What is the tens digit of 509?
0
What is the hundreds digit of 12612?
6
What is the tens digit of 4891?
9
What is the units digit of 992?
2
What is the hundreds digit of 2453?
4
What is the tens digit of 884?
8
What is the thousands digit of 35100?
5
What is the tens digit of 1562?
6
What is the tens digit of 392?
9
What is the hundreds digit of 95653?
6
What is the units digit of 3315?
5
What is the tens digit of 11457?
5
What is the thousands digit of 9099?
9
What is the tens digit of 15775?
7
What is the thousands digit of 4169?
4
What is the ten thousands digit of 53011?
5
What is the units digit of 6887?
7
What is the tens digit of 89376?
7
What is the units digit of 835?
5
What is the units digit of 20955?
5
What is the hundreds digit of 3557?
5
What is the units digit of 34194?
4
What is the units digit of 10135?
5
What is the hundreds digit of 16878?
8
What is the hundreds digit of 1648?
6
What is the tens digit of 15165?
6
What is the thousands digit of 2427?
2
What is the units digit of 28322?
2
What is the hundreds digit of 1294?
2
What is the units digit of 3100?
0
What is the thousands digit of 4610?
4
What is the tens digit of 12369?
6
What is the ten thousands digit of 40018?
4
What is the ten thousands digit of 12330?
1
What is the tens digit of 13013?
1
What is the tens digit of 42199?
9
What is the thousands digit of 9303?
9
What is the units digit of 1345?
5
What is the hundreds digit of 50881?
8
What is the tens digit of 83950?
5
What is the tens digit of 2763?
6
What is the units digit of 4937?
7
What is the units digit of 33873?
3
What is the thousands digit of 3321?
3
What is the tens digit of 73983?
8
What is the ten thousands digit of 72814?
7
What is the tens digit of 644?
4
What is the tens digit of 7874?
7
What is the tens digit of 73612?
1
What is the tens digit of 7645?
4
What is the tens digit of 3730?
3
What is the units digit of 3188?
8
What is the hundreds digit of 1842?
8
What is the thousands digit of 26104?
6
What is the hundreds digit of 39757?
7
What is the thousands digit of 